t are the prime factors of r?
2, 23
Let w(n) = -193*n**3 + 7*n**2 + 8*n + 3. What are the prime factors of w(-2)?
1559
Suppose 0 = y - 3*k + 38, 0 = 3*y - k + 56 + 26. Let m = y + 30. What are the prime factors of m?
2
Let g(o) = 25*o - 142. What are the prime factors of g(13)?
3, 61
Let d be -124 - (-7)/((-14)/(-4)). Let x = d + 179. Let s = x - 1. List the prime factors of s.
2, 7
Suppose 4*j = -d - 68, j - d + 21 = 4. Let u = j + -5. Let o = 10 - u. List the prime factors of o.
2
Suppose 16*u - 19*u = -3*p - 11769, -p = -2. List the prime factors of u.
5, 157
Suppose -2*f = -0*k - k - 24, -5*f = k + 3. List the prime factors of ((-4)/10)/(k/585).
13
List the prime factors of (-16848)/(-30) - 7 - (-3)/(-5).
2, 277
Let z(u) = -u**3 + 3*u**2 - 3*u + 2. Let v be z(2). Suppose 0 = 25*d - 26*d + 128. Suppose f - 64 = -v*n - 5*n, -n = -2*f + d. What are the prime factors of f?
2
Let u(v) = -v**3 + 9*v - 28. List the prime factors of u(-10).
2, 3, 7
Suppose -188 = -3*k - 2*b + 3*b, 56 = k + 3*b. Let o = k - 31. What are the prime factors of o?
31
Suppose -4*i - 12 = -4*y, 0 = 3*i - 0*i - 2*y + 4. Suppose 211 - 45 = 4*t + i*a, t - 3*a - 24 = 0. Suppose 4*b - 155 + t = 0. What are the prime factors of b?
29
Suppose 0*s + 3*i = 3*s - 24, 5*i + 13 = -4*s. Suppose -480 = s*g - 8*g. What are the prime factors of g?
2, 3
Suppose 7*d - 676 + 11 = 0. What are the prime factors of d?
5, 19
Let v be 10/(-15)*9/12*-114. Suppose b + n = v, 72 + 213 = 5*b - 3*n. What are the prime factors of b?
3, 19
Let h be 0 + (52/1 - 2). Let s = h - -7. List the prime factors of s.
3, 19
List the prime factors of (70 + -82)/(4/(-34)).
2, 3, 17
Suppose 0 = -5*s + 4*g + 3341, -9*s - 5*g = -8*s - 674. List the prime factors of s.
3, 223
Suppose 42*a = -37*a + 129086. List the prime factors of a.
2, 19, 43
Let i = -77 + 88. Suppose i*a - 1197 = 4*a. List the prime factors of a.
3, 19
Suppose -c = -0*c + 4*l - 20, 4*c - l = -5. Let k(x) = -x**3 - 2*x + 106. List the prime factors of k(c).
2, 53
Let v(i) = i**3 - 17*i**2 + 17*i - 16. Let m be v(16). Suppose m*l + 61 = 4*l + r, 2*l - 38 = 2*r. List the prime factors of l.
2
What are the prime factors of 27/(-9) - (-450)/2?
2, 3, 37
Suppose -s + 0*s = -5*f + 11, f - 3*s = 5. Let t(j) = 5 - 4 - j**f + 32*j**2 - 9*j**2. What are the prime factors of t(-1)?
23
Let i(v) = v**2 - 2*v + 22. What are the prime factors of i(-8)?
2, 3, 17
Suppose -4*j - 68 = -0*j. Let g = 10 + j. List the prime factors of 2/g + 1640/56.
29
Suppose 7*k + 32 = 5*k. What are the prime factors of (-2)/(((-9)/(-84))/(18/k))?
3, 7
Let v(q) = q**2 + 5*q + 7. Let f(t) = -t**2 - 12*t + 18. Let d be f(-13). What are the prime factors of v(d)?
3, 19
Suppose 29*z + 6 = 32*z. Suppose 2*d + 60 = z*u - 248, -u + 148 = 2*d. What are the prime factors of u?
2, 19
Suppose 4*o = 5*q + 118, 94 = 3*o - 2*q + q. Let w(k) = o*k**3 + k**2 + 4*k + 1 - k - 4*k - 10*k**3. List the prime factors of w(1).
23
Let f(s) = 8*s**2 - s. Let b(q) = -q**2. Let p(a) = -4*b(a) - f(a). Let z be p(-3). Let c = z - -58. What are the prime factors of c?
19
Let q be (-2)/(-7)*7*-1. List the prime factors of 1/((-351)/177 - q).
59
Let g be (-2)/(-5) + 42/(-5). Suppose 3*l + 6 = 0, -b + 3*b - l = 0. What are the prime factors of b - (g/(-4) + -18)?
3, 5
Let p(w) = w**2 + w. Let b = -5 + 6. Let g be p(b). Suppose -q + c + 22 = g*c, -4*c = -3*q + 80. List the prime factors of q.
2, 3
Let v(n) = n**2 + 4*n - 8. Let p be v(7). Let j(h) = -h**2 + 5. Let s be j(7). Let z = p + s. What are the prime factors of z?
5
Suppose 5*s = 8*s + 6. List the prime factors of (s + 3)/(1/26).
2, 13
Let h = 368 - 98. List the prime factors of h.
2, 3, 5
Suppose 7*n - 1468 - 2522 = 0. Let k = n - 404. List the prime factors of k.
2, 83
Let x(a) = a**3 + 8*a**2 + 9*a - 26. What are the prime factors of x(8)?
2, 5, 107
Let s = 62 - 62. Suppose s = 3*c + 4*t - 368, t - 5*t = c - 120. List the prime factors of c.
2, 31
Let n be (-1 - -1) + 1 - 1. Suppose -131 = 10*p - 201. Suppose n*y + y = p. What are the prime factors of y?
7
List the prime factors of 3 + 2527 - (-55)/44*4.
3, 5, 13
Let p(n) = -n - 6. Let i be p(-13). Suppose 8*q - i*q = 44. What are the prime factors of q?
2, 11
Suppose -6 = -2*r, -4*r = -8*u + 10*u - 464. List the prime factors of u.
2, 113
Let s(q) = -2*q - 9. Let p be s(-5). Let d be (4 - (-1 - -2))*p. Suppose -j - 66 = -d*j. What are the prime factors of j?
3, 11
Let u(j) = j**3 + 26*j**2 - 29*j - 38. Let y be u(-27). Suppose -p + 5*v = -27, 2*p + 4*v - 2*v = -6. Suppose -p*l + y = -6. List the prime factors of l.
11
Suppose -18*v - 338 = -19*v + 2*k, 3*v = -3*k + 1005. List the prime factors of v.
2, 3, 7
Let b(w) = w**2 - 7*w + 9. Let x be b(7). Let y(c) = -24 - 91*c - 101*c + 198*c. List the prime factors of y(x).
2, 3, 5
Let o(h) = 231*h - 8. List the prime factors of o(3).
5, 137
Suppose 0 = -3*v + 2410 - 166. Suppose -3*x + 4*z + v = 2*z, 512 = 2*x - 4*z. What are the prime factors of x?
2, 3, 41
Suppose -7 = -4*d + 17. Let x(m) = m**3 - 6*m**2 + 2*m + 13. List the prime factors of x(d).
5
Let i(d) = -489*d - 4. What are the prime factors of i(-1)?
5, 97
Let v(q) = -111*q**3 + q**2 - 4*q + 2. Let h be v(1). Let w = -59 - h. List the prime factors of w.
53
Suppose -d = -5*d + 28. Suppose -5*m = k - 59, -d*k + 2*k = 3*m - 207. List the prime factors of k.
3, 13
Let b be 77 + (-3 - (-1 - 1)). Let p = b + 10. What are the prime factors of p?
2, 43
Let p = 1216 + -769. List the prime factors of p.
3, 149
Let n be (-4)/(-8)*34 + 0. Suppose 11*j = n*j - 504. What are the prime factors of j?
2, 3, 7
Let s be (12*(-1 - 391/(-2)))/2. Suppose 4*i + 380 = 2*d, 5*i + 172 = -5*d + s. List the prime factors of d.
2, 7
Let i = 0 + -2. List the prime factors of (-13 - -9)*i/((-8)/(-83)).
83
Let u be (-3)/1 - -7 - 3. Suppose 2*b - 81 - u = 0. What are the prime factors of b?
41
Suppose -16 = -t - 3*t, -5*t + 4584 = 4*b. List the prime factors of b.
7, 163
List the prime factors of (-8263)/(-2) - (21/(-42) + 0).
2, 1033
List the prime factors of 2*332/(-4)*10/(-2).
2, 5, 83
What are the prime factors of ((-6610)/(-30))/((-1)/(-3))?
661
Suppose 0*c - 4*c + g = -201, 4*c + 3*g - 197 = 0. Suppose -y = y - c. List the prime factors of y.
5
Let z(f) = -101*f + 63. What are the prime factors of z(-8)?
13, 67
Let n be ((-84)/35)/((-4)/190). Let g = n + -65. Let s = g - 34. List the prime factors of s.
3, 5
Let n = 60 + -264. What are the prime factors of (-1 - n) + ((-8)/1 - -5)?
2, 5
Let h be -4 - -8*3/6. Suppose 2*g + 3*z - 322 = -2*g, h = g + z - 81. What are the prime factors of g?
79
Let b(x) = x**3 - 2*x**2 - 2*x - 2. Let l be b(3). What are the prime factors of 635/45 - l/9?
2, 7
Suppose 0 = j - 4*v + 5*v - 3, -3*j - 4*v = -10. Suppose -u - u = j*o + 2, 4*o - 14 = 2*u. What are the prime factors of 2/3*75/o?
5
Let w = 44 - 73. Let l = -24 - w. Suppose -105 = -10*p + l*p. What are the prime factors of p?
3, 7
Let d(g) = 2*g**2. Let w be d(5). Suppose -21*x = -18*x + 99. Let h = x + w. What are the prime factors of h?
17
Suppose 3*f = 16*q - 18*q + 12327, 2*q - 4*f - 12348 = 0. What are the prime factors of q?
2, 3, 257
Let z = 152 + 311. List the prime factors of z.
463
Let h(l) = -l**3 - 2*l**2 + 5*l + 4. Let p be h(-3). Let x be (-5)/(p + 4/4). Suppose 0 = -c - 5*u - 10, 3*c - x*u = 6*c - 20. List the prime factors of c.
3, 5
List the prime factors of (3 + 3)/(-3)*(-82 - 1).
2, 83
Suppose 8*x - 7387 = -4*m + 9*x, -2*m + 3677 = 5*x. List the prime factors of m.
2, 13, 71
Let n(h) = -h**2 - h + 14. Let k(r) = -r**3 - 5*r**2 - 3*r - 5. Let x be k(-5). Let d be n(x). Let v = 148 + d. List the prime factors of v.
2, 13
Suppose 23 = 4*z + v, 4*z + 0*v + 5*v - 35 = 0. Suppose z*l - 74 = 3*l. Suppose -3*t + l = 2*f - 121, 0 = 5*t - f - 246. What are the prime factors of t?
2, 5
What are the prime factors of 6/4*117344/456?
2, 193
Suppose -5*z + 920 = 3*z. Let l = z - 41. List the prime factors of l.
2, 37
Let d(y) = 3*y**3 - 2*y**2 - 3*y - 5. Let v be d(-2). Let z = 36 - v. List the prime factors of z.
67
Suppose 5*m = 2*c + 19 - 6, 9 = 4*c - 3*m. Let s be -3 + (-1)/(3/c). What are the prime factors of (-298)/s + 8/20?
2, 3, 5
Let u(t) = -t**3 - 9*t**2 + 10*t. Let s be u(-10). Suppose 3*x - 151 = -3*n + 92, n = s. List t